{"id":681,"date":"2024-06-18T20:12:21","date_gmt":"2024-06-18T23:12:21","guid":{"rendered":"https:\/\/famep.com.br\/site\/?page_id=681"},"modified":"2024-07-01T18:47:22","modified_gmt":"2024-07-01T21:47:22","slug":"nossa-missao","status":"publish","type":"page","link":"https:\/\/famep.com.br\/site\/nossa-missao\/","title":{"rendered":"Nossa Miss\u00e3o"},"content":{"rendered":"\t\t<div data-elementor-type=\"wp-page\" data-elementor-id=\"681\" class=\"elementor elementor-681\" data-elementor-post-type=\"page\">\n\t\t\t\t<div class=\"elementor-element elementor-element-1593ca1 e-flex e-con-boxed e-con e-parent\" data-id=\"1593ca1\" data-element_type=\"container\" data-settings=\"{&quot;background_background&quot;:&quot;slideshow&quot;,&quot;background_slideshow_gallery&quot;:[{&quot;id&quot;:1015,&quot;url&quot;:&quot;https:\\\/\\\/famep.com.br\\\/site\\\/wp-content\\\/uploads\\\/2024\\\/07\\\/backgroud-topo.jpg&quot;}],&quot;background_slideshow_loop&quot;:&quot;yes&quot;,&quot;background_slideshow_slide_duration&quot;:5000,&quot;background_slideshow_slide_transition&quot;:&quot;fade&quot;,&quot;background_slideshow_transition_duration&quot;:500}\">\n\t\t\t\t\t<div class=\"e-con-inner\">\n\t\t\t\t<div class=\"elementor-element elementor-element-490f154 elementor-headline--style-highlight elementor-widget elementor-widget-animated-headline\" data-id=\"490f154\" data-element_type=\"widget\" data-settings=\"{&quot;highlighted_text&quot;:&quot;MISS\\u00c3O&quot;,&quot;headline_style&quot;:&quot;highlight&quot;,&quot;marker&quot;:&quot;circle&quot;,&quot;loop&quot;:&quot;yes&quot;,&quot;highlight_animation_duration&quot;:1200,&quot;highlight_iteration_delay&quot;:8000}\" data-widget_type=\"animated-headline.default\">\n\t\t\t\t<div class=\"elementor-widget-container\">\n\t\t\t\t\t<h3 class=\"elementor-headline\">\n\t\t\t\t\t<span class=\"elementor-headline-plain-text elementor-headline-text-wrapper\">NOSSA<\/span>\n\t\t\t\t<span class=\"elementor-headline-dynamic-wrapper elementor-headline-text-wrapper\">\n\t\t\t\t\t<span class=\"elementor-headline-dynamic-text elementor-headline-text-active\">MISS\u00c3O<\/span>\n\t\t\t\t<\/span>\n\t\t\t\t<\/h3>\n\t\t\t\t<\/div>\n\t\t\t\t<\/div>\n\t\t\t\t\t<\/div>\n\t\t\t\t<\/div>\n\t\t<div class=\"elementor-element elementor-element-817a416 e-flex e-con-boxed e-con e-parent\" data-id=\"817a416\" data-element_type=\"container\">\n\t\t\t\t\t<div class=\"e-con-inner\">\n\t\t<div class=\"elementor-element elementor-element-e9e0347 e-con-full e-flex e-con e-child\" data-id=\"e9e0347\" data-element_type=\"container\">\n\t\t\t\t<div class=\"elementor-element elementor-element-3ed79eb elementor-widget elementor-widget-heading\" data-id=\"3ed79eb\" data-element_type=\"widget\" data-widget_type=\"heading.default\">\n\t\t\t\t<div class=\"elementor-widget-container\">\n\t\t\t<h2 class=\"elementor-heading-title elementor-size-default\">NOSSA MISS\u00c3O<\/h2>\t\t<\/div>\n\t\t\t\t<\/div>\n\t\t\t\t<div class=\"elementor-element elementor-element-77104bc elementor-widget elementor-widget-text-editor\" data-id=\"77104bc\" data-element_type=\"widget\" data-widget_type=\"text-editor.default\">\n\t\t\t\t<div class=\"elementor-widget-container\">\n\t\t\t\t\t\t\t<p>As Faculdades FAMEP tem como miss\u00e3o a forma\u00e7\u00e3o em n\u00edvel de Gradua\u00e7\u00e3o e de P\u00f3s-Gradua\u00e7\u00e3o do profissional-cidad\u00e3o: \u00e9tico, competente e em completa sintonia com as exig\u00eancias do mundo atual competitivo e globalizado, garantindo assim, uma atua\u00e7\u00e3o aut\u00f4noma na sociedade seja em empreendimentos seja em Organiza\u00e7\u00f5es p\u00fablicas e privadas, tendo como objetivo maior favorecer uma melhor qualidade de vida para os cidad\u00e3os, atrav\u00e9s da difus\u00e3o dos conhecimentos adquiridos, do incentivo \u00e0 pr\u00e1tica investigativa, bem como do desenvolvimento autossustent\u00e1vel para a regi\u00e3o de atua\u00e7\u00e3o, para o Estado e, consequentemente, para o pa\u00eds.<\/p>\t\t\t\t\t\t<\/div>\n\t\t\t\t<\/div>\n\t\t\t\t<\/div>\n\t\t<div class=\"elementor-element elementor-element-b0da3a1 e-con-full e-flex e-con e-child\" data-id=\"b0da3a1\" data-element_type=\"container\">\n\t\t\t\t<div class=\"elementor-element elementor-element-6c13293 elementor-widget elementor-widget-heading\" data-id=\"6c13293\" data-element_type=\"widget\" data-widget_type=\"heading.default\">\n\t\t\t\t<div class=\"elementor-widget-container\">\n\t\t\t<h2 class=\"elementor-heading-title elementor-size-default\">PRINC\u00cdPIOS<\/h2>\t\t<\/div>\n\t\t\t\t<\/div>\n\t\t\t\t<div class=\"elementor-element elementor-element-c783298 elementor-widget elementor-widget-text-editor\" data-id=\"c783298\" data-element_type=\"widget\" data-widget_type=\"text-editor.default\">\n\t\t\t\t<div class=\"elementor-widget-container\">\n\t\t\t\t\t\t\t<p>As Faculdades FAMEP no desenvolvimento de suas fun\u00e7\u00f5es e atividades pretende ser uma institui\u00e7\u00e3o:<\/p><ul><li>\u00e9tica consciente de sua responsabilidade social e compromissada com os valores de justi\u00e7a, igualdade e fraternidade,<\/li><li>atuante no resgate da cidadania, na forma\u00e7\u00e3o do cidad\u00e3o como ser \u00e9tico e pol\u00edtico, consciente de suas responsabilidades, de seus direitos e deveres, apto a intervir no processo de desenvolvimento s\u00f3cio \u2013 econ\u00f4mico da comunidade em que atua, com uma vis\u00e3o integradora de sociedade e do mundo,<\/li><li>aglutinadora, aberta a todo o saber, cr\u00edtica, criativa e competente, com vistas a contribuir para o desenvolvimento do Estado e da regi\u00e3o em que est\u00e1 inserida, comprometida com resultados, onde o seu lucro ser\u00e1 elevado desempenho acad\u00eamico-cient\u00edfico de sua comunidade, e<\/li><li>aberta a parcerias e alian\u00e7as com outras institui\u00e7\u00f5es, objetivando desenvolver programas de integra\u00e7\u00e3o com vistas \u00e0 forma\u00e7\u00e3o e ao aperfei\u00e7oamento dos valores humanos destinados \u00e0 atua\u00e7\u00e3o na pr\u00e1tica profissional.<\/li><\/ul>\t\t\t\t\t\t<\/div>\n\t\t\t\t<\/div>\n\t\t\t\t<\/div>\n\t\t<div class=\"elementor-element elementor-element-a6bffeb e-con-full e-flex e-con e-child\" data-id=\"a6bffeb\" data-element_type=\"container\">\n\t\t\t\t<div class=\"elementor-element elementor-element-7be9e93 elementor-widget elementor-widget-heading\" data-id=\"7be9e93\" data-element_type=\"widget\" data-widget_type=\"heading.default\">\n\t\t\t\t<div class=\"elementor-widget-container\">\n\t\t\t<h2 class=\"elementor-heading-title elementor-size-default\">VALORES INSTITUCIONAIS<\/h2>\t\t<\/div>\n\t\t\t\t<\/div>\n\t\t\t\t<div class=\"elementor-element elementor-element-b07912d elementor-widget elementor-widget-text-editor\" data-id=\"b07912d\" data-element_type=\"widget\" data-widget_type=\"text-editor.default\">\n\t\t\t\t<div class=\"elementor-widget-container\">\n\t\t\t\t\t\t\t<p>S\u00e3o valores concebidos pelas Faculdades FAMEP para satisfazer as necessidades da comunidade acad\u00eamica e externa:<\/p><ul><li><strong>\u00c9tica<\/strong>\u00a0\u2013 implica respeito aos direitos dos outros, na lisura no trato dos recursos\/bens, na transpar\u00eancia dos atos administrativos e acad\u00eamicos;<\/li><li><strong>Democracia<\/strong>\u00a0\u2013 institui\u00e7\u00e3o em que a opini\u00e3o \u00e9 quase sempre produto da reflex\u00e3o pela representa\u00e7\u00e3o de seus pares;<\/li><li><strong>Pluralismo<\/strong>\u00a0\u2013 aceita\u00e7\u00e3o de pontos de vista e de diferentes formas de abordar a realidade, a conviv\u00eancia entre contr\u00e1rios, a pol\u00eamica e o di\u00e1logo como exerc\u00edcio da cr\u00edtica;<\/li><li><strong>Autonomia<\/strong>\u00a0\u2013 consolida\u00e7\u00e3o do Plano de Desenvolvimento Institucional preservando a necess\u00e1ria autonomia no exerc\u00edcio de sua Miss\u00e3o;<\/li><li><strong>Solidariedade<\/strong>\u00a0\u2013 concep\u00e7\u00e3o de educa\u00e7\u00e3o com responsabilidade na constru\u00e7\u00e3o de um homem mais solid\u00e1rio e humano;<\/li><li><strong>Comprometimento<\/strong>\u00a0\u2013 compromissos com o desenvolvendo dos discentes, formando cidad\u00e3os respons\u00e1veis, capazes de exercer a lideran\u00e7a, priorizando solu\u00e7\u00f5es \u00e9ticas, criativas, democr\u00e1ticas e eficazes capazes de superar os problemas com os quais venham se encontrar. Nesse contexto, as Faculdades FAMEP projeta sua miss\u00e3o e vis\u00e3o, objetivos, metas e valores, no planejamento articulado de suas pol\u00edticas, expressando no compromisso do PDI, a\u00e7\u00f5es transversais a todos os cursos, envolvendo ensino, pesquisa e extens\u00e3o, que n\u00e3o se limitam a comunidade interna, contudo, se direcionam tamb\u00e9m para a\u00e7\u00f5es extramuros por meio dos projetos de responsabilidade social para toda sociedade civil organizada. Os princ\u00edpios e valores te\u00f3ricos e pr\u00e1ticos que caracterizam o perfil das Faculdades FAMEP est\u00e3o sustentados na percep\u00e7\u00e3o e compreens\u00e3o de que esta \u00e9 uma institui\u00e7\u00e3o composta por sujeitos hist\u00f3ricos, sociais e pol\u00edticos que integram um mundo em constante movimento composto de sujeitos reflexivos, pesquisadores, abertos aos debates educacionais, como tamb\u00e9m e principalmente, abertos ao di\u00e1logo.<\/li><\/ul>\t\t\t\t\t\t<\/div>\n\t\t\t\t<\/div>\n\t\t\t\t<\/div>\n\t\t<div class=\"elementor-element elementor-element-1e15894 e-con-full e-flex e-con e-child\" data-id=\"1e15894\" data-element_type=\"container\">\n\t\t\t\t<div class=\"elementor-element elementor-element-91097f0 elementor-widget elementor-widget-heading\" data-id=\"91097f0\" data-element_type=\"widget\" data-widget_type=\"heading.default\">\n\t\t\t\t<div class=\"elementor-widget-container\">\n\t\t\t<h2 class=\"elementor-heading-title elementor-size-default\">VIS\u00c3O DE FUTURO<\/h2>\t\t<\/div>\n\t\t\t\t<\/div>\n\t\t\t\t<div class=\"elementor-element elementor-element-e5649ed elementor-widget elementor-widget-text-editor\" data-id=\"e5649ed\" data-element_type=\"widget\" data-widget_type=\"text-editor.default\">\n\t\t\t\t<div class=\"elementor-widget-container\">\n\t\t\t\t\t\t\t<p>As Faculdade FAMEP tem como vis\u00e3o ser uma institui\u00e7\u00e3o de ensino superior reconhecida pela excel\u00eancia nos servi\u00e7os educacionais que oferece, oferecendo meios para que a sua comunidade acad\u00eamica realize, em sua plenitude, as leg\u00edtimas aspira\u00e7\u00f5es da pessoa humana atuando em perfeita sintonia com a sociedade apoiada em valores \u00e9ticos inalien\u00e1veis, buscando sempre a racionaliza\u00e7\u00e3o de recursos e a otimiza\u00e7\u00e3o de resultados, comprometida com as transforma\u00e7\u00f5es do seu tempo.<\/p>\t\t\t\t\t\t<\/div>\n\t\t\t\t<\/div>\n\t\t\t\t<\/div>\n\t\t<div class=\"elementor-element elementor-element-5d68af3 e-con-full e-flex e-con e-child\" data-id=\"5d68af3\" data-element_type=\"container\">\n\t\t\t\t<div class=\"elementor-element elementor-element-424c887 elementor-widget elementor-widget-heading\" data-id=\"424c887\" data-element_type=\"widget\" data-widget_type=\"heading.default\">\n\t\t\t\t<div class=\"elementor-widget-container\">\n\t\t\t<h2 class=\"elementor-heading-title elementor-size-default\">OBJETIVOS<\/h2>\t\t<\/div>\n\t\t\t\t<\/div>\n\t\t\t\t<div class=\"elementor-element elementor-element-3bcdc04 elementor-widget elementor-widget-text-editor\" data-id=\"3bcdc04\" data-element_type=\"widget\" data-widget_type=\"text-editor.default\">\n\t\t\t\t<div class=\"elementor-widget-container\">\n\t\t\t\t\t\t\t<ul><li><strong>Geral<br \/><\/strong>\u00a0Formar profissionais, com s\u00f3lida forma\u00e7\u00e3o geral e humana, dotado de capacidade de an\u00e1lise e articula\u00e7\u00e3o de conceitos e argumentos, de interpreta\u00e7\u00e3o e valoriza\u00e7\u00e3o dos fen\u00f4menos humanos, aliada a uma postura reflexiva e vis\u00e3o cr\u00edtica, colocando as institui\u00e7\u00f5es, a servi\u00e7o, primeiro, do homem e, depois, da sociedade e o direito a servi\u00e7o da emancipa\u00e7\u00e3o pessoal e social num mundo em permanente transforma\u00e7\u00e3o.<br \/><br \/><\/li><\/ul><ul><li><strong>Espec\u00edficos<br \/><\/strong>As Faculdades FAMEP, como institui\u00e7\u00e3o de Ensino superior, tem os seguintes objetivos, nas \u00e1reas dos cursos que ministra:<\/li><\/ul><ul><li style=\"list-style-type: none;\"><ul><li>estimular a cria\u00e7\u00e3o cultural e o desenvolvimento do esp\u00edrito cient\u00edfico e do pensamento reflexivo;<\/li><li>formar diplomados nas diferentes \u00e1reas de conhecimento, aptos para a inser\u00e7\u00e3o em setores profissionais e para a participa\u00e7\u00e3o no desenvolvimento da sociedade brasileira, e colaborar na sua forma\u00e7\u00e3o cont\u00ednua;<\/li><li>incentivar o trabalho de pesquisa e investiga\u00e7\u00e3o cient\u00edfica, visando o desenvolvimento da ci\u00eancia e da tecnologia e da cria\u00e7\u00e3o e difus\u00e3o da cultura, e, desse modo, desenvolver o entendimento do homem e do meio em que vive;<\/li><li>promover a divulga\u00e7\u00e3o de conhecimentos culturais, cient\u00edficos e t\u00e9cnicos que constituem patrim\u00f4nio da humanidade e comunicar o saber atrav\u00e9s do ensino, de publica\u00e7\u00f5es ou de outras formas de comunica\u00e7\u00e3o;<\/li><li>suscitar o desejo permanente de aperfei\u00e7oamento cultural e profissional e possibilitar a correspondente concretiza\u00e7\u00e3o, integrando os conhecimentos que v\u00e3o sendo adquiridos numa estrutura intelectual sistematizadora do conhecimento de cada gera\u00e7\u00e3o;<\/li><li>estimular o conhecimento dos problemas do mundo presente, em particular os nacionais e regionais, prestar servi\u00e7os especializados \u00e0 comunidade e estabelecer com esta uma rela\u00e7\u00e3o de reciprocidade;<\/li><li>promover a extens\u00e3o, aberta \u00e0 participa\u00e7\u00e3o da popula\u00e7\u00e3o, visando \u00e0 difus\u00e3o das conquistas.<\/li><\/ul><\/li><\/ul>\t\t\t\t\t\t<\/div>\n\t\t\t\t<\/div>\n\t\t\t\t<\/div>\n\t\t<div class=\"elementor-element elementor-element-52e0ff6 e-con-full e-flex e-con e-child\" data-id=\"52e0ff6\" data-element_type=\"container\">\n\t\t\t\t<div class=\"elementor-element elementor-element-02eeb51 elementor-widget elementor-widget-heading\" data-id=\"02eeb51\" data-element_type=\"widget\" data-widget_type=\"heading.default\">\n\t\t\t\t<div class=\"elementor-widget-container\">\n\t\t\t<h2 class=\"elementor-heading-title elementor-size-default\">FINALIDADES<\/h2>\t\t<\/div>\n\t\t\t\t<\/div>\n\t\t\t\t<div class=\"elementor-element elementor-element-7774e84 elementor-widget elementor-widget-text-editor\" data-id=\"7774e84\" data-element_type=\"widget\" data-widget_type=\"text-editor.default\">\n\t\t\t\t<div class=\"elementor-widget-container\">\n\t\t\t\t\t\t\t<ul><li>As Faculdade FAMEP, respeitando a legisla\u00e7\u00e3o vigente e imprimindo \u00e0 sua condi\u00e7\u00e3o de oferta padr\u00f5es de qualidade, almeja ser um Centro de refer\u00eancia na Forma\u00e7\u00e3o Human\u00edstica e Profissional, propiciando boas pr\u00e1ticas em termos de reponsabilidade social para o estado do Piau\u00ed, para o Nordeste e para o Brasil, visando tornar o ser humano cada vez melhor de sentimento e de saber. Este objetivo implica uma vis\u00e3o de homem que leva em conta o indiv\u00edduo de forma global.<\/li><\/ul>\t\t\t\t\t\t<\/div>\n\t\t\t\t<\/div>\n\t\t\t\t<\/div>\n\t\t\t\t\t<\/div>\n\t\t\t\t<\/div>\n\t\t<div class=\"elementor-element elementor-element-4d44ce7 e-flex e-con-boxed e-con e-parent\" data-id=\"4d44ce7\" data-element_type=\"container\" data-settings=\"{&quot;background_background&quot;:&quot;classic&quot;}\">\n\t\t\t\t\t<div class=\"e-con-inner\">\n\t\t<div class=\"elementor-element elementor-element-3c001bb e-grid e-con-boxed e-con e-child\" data-id=\"3c001bb\" data-element_type=\"container\">\n\t\t\t\t\t<div class=\"e-con-inner\">\n\t\t<div class=\"elementor-element elementor-element-273b435 e-grid e-con-boxed e-con e-child\" data-id=\"273b435\" data-element_type=\"container\">\n\t\t\t\t\t<div class=\"e-con-inner\">\n\t\t\t\t<div class=\"elementor-element elementor-element-e857a66 elementor-view-default elementor-position-top elementor-mobile-position-top elementor-widget elementor-widget-icon-box\" data-id=\"e857a66\" data-element_type=\"widget\" data-widget_type=\"icon-box.default\">\n\t\t\t\t<div class=\"elementor-widget-container\">\n\t\t\t\t\t<div class=\"elementor-icon-box-wrapper\">\n\n\t\t\t\t\t\t<div class=\"elementor-icon-box-icon\">\n\t\t\t\t<a href=\"https:\/\/web.whatsapp.com\/send?phone=558699999-5296\" target=\"_blank\" class=\"elementor-icon elementor-animation-\" tabindex=\"-1\">\n\t\t\t\t<svg aria-hidden=\"true\" class=\"e-font-icon-svg e-fab-whatsapp\" viewBox=\"0 0 448 512\" xmlns=\"http:\/\/www.w3.org\/2000\/svg\"><path d=\"M380.9 97.1C339 55.1 283.2 32 223.9 32c-122.4 0-222 99.6-222 222 0 39.1 10.2 77.3 29.6 111L0 480l117.7-30.9c32.4 17.7 68.9 27 106.1 27h.1c122.3 0 224.1-99.6 224.1-222 0-59.3-25.2-115-67.1-157zm-157 341.6c-33.2 0-65.7-8.9-94-25.7l-6.7-4-69.8 18.3L72 359.2l-4.4-7c-18.5-29.4-28.2-63.3-28.2-98.2 0-101.7 82.8-184.5 184.6-184.5 49.3 0 95.6 19.2 130.4 54.1 34.8 34.9 56.2 81.2 56.1 130.5 0 101.8-84.9 184.6-186.6 184.6zm101.2-138.2c-5.5-2.8-32.8-16.2-37.9-18-5.1-1.9-8.8-2.8-12.5 2.8-3.7 5.6-14.3 18-17.6 21.8-3.2 3.7-6.5 4.2-12 1.4-32.6-16.3-54-29.1-75.5-66-5.7-9.8 5.7-9.1 16.3-30.3 1.8-3.7.9-6.9-.5-9.7-1.4-2.8-12.5-30.1-17.1-41.2-4.5-10.8-9.1-9.3-12.5-9.5-3.2-.2-6.9-.2-10.6-.2-3.7 0-9.7 1.4-14.8 6.9-5.1 5.6-19.4 19-19.4 46.3 0 27.3 19.9 53.7 22.6 57.4 2.8 3.7 39.1 59.7 94.8 83.8 35.2 15.2 49 16.5 66.6 13.9 10.7-1.6 32.8-13.4 37.4-26.4 4.6-13 4.6-24.1 3.2-26.4-1.3-2.5-5-3.9-10.5-6.6z\"><\/path><\/svg>\t\t\t\t<\/a>\n\t\t\t<\/div>\n\t\t\t\n\t\t\t\t\t\t<div class=\"elementor-icon-box-content\">\n\n\t\t\t\t\t\t\t\t\t<h3 class=\"elementor-icon-box-title\">\n\t\t\t\t\t\t<a href=\"https:\/\/web.whatsapp.com\/send?phone=558699999-5296\" target=\"_blank\" >\n\t\t\t\t\t\t\tNosso WhatsApp\t\t\t\t\t\t<\/a>\n\t\t\t\t\t<\/h3>\n\t\t\t\t\n\t\t\t\t\n\t\t\t<\/div>\n\t\t\t\n\t\t<\/div>\n\t\t\t\t<\/div>\n\t\t\t\t<\/div>\n\t\t\t\t<div class=\"elementor-element elementor-element-8990eca elementor-align-center elementor-widget elementor-widget-button\" data-id=\"8990eca\" data-element_type=\"widget\" data-widget_type=\"button.default\">\n\t\t\t\t<div class=\"elementor-widget-container\">\n\t\t\t\t\t<div class=\"elementor-button-wrapper\">\n\t\t\t<a class=\"elementor-button elementor-button-link elementor-size-sm elementor-animation-grow\" href=\"https:\/\/web.whatsapp.com\/send?phone=558699999-5296\" target=\"_blank\">\n\t\t\t\t\t\t<span class=\"elementor-button-content-wrapper\">\n\t\t\t\t\t\t\t\t\t<span class=\"elementor-button-text\">Clique aqui<\/span>\n\t\t\t\t\t<\/span>\n\t\t\t\t\t<\/a>\n\t\t<\/div>\n\t\t\t\t<\/div>\n\t\t\t\t<\/div>\n\t\t\t\t\t<\/div>\n\t\t\t\t<\/div>\n\t\t<div class=\"elementor-element elementor-element-de4486d e-grid e-con-boxed e-con e-child\" data-id=\"de4486d\" data-element_type=\"container\">\n\t\t\t\t\t<div class=\"e-con-inner\">\n\t\t\t\t<div class=\"elementor-element elementor-element-dd543eb elementor-view-default elementor-position-top elementor-mobile-position-top elementor-widget elementor-widget-icon-box\" data-id=\"dd543eb\" data-element_type=\"widget\" data-widget_type=\"icon-box.default\">\n\t\t\t\t<div class=\"elementor-widget-container\">\n\t\t\t\t\t<div class=\"elementor-icon-box-wrapper\">\n\n\t\t\t\t\t\t<div class=\"elementor-icon-box-icon\">\n\t\t\t\t<a href=\"mailto:faculdadefamep@yahoo.com.br\" class=\"elementor-icon elementor-animation-\" tabindex=\"-1\">\n\t\t\t\t<svg aria-hidden=\"true\" class=\"e-font-icon-svg e-far-envelope\" viewBox=\"0 0 512 512\" xmlns=\"http:\/\/www.w3.org\/2000\/svg\"><path d=\"M464 64H48C21.49 64 0 85.49 0 112v288c0 26.51 21.49 48 48 48h416c26.51 0 48-21.49 48-48V112c0-26.51-21.49-48-48-48zm0 48v40.805c-22.422 18.259-58.168 46.651-134.587 106.49-16.841 13.247-50.201 45.072-73.413 44.701-23.208.375-56.579-31.459-73.413-44.701C106.18 199.465 70.425 171.067 48 152.805V112h416zM48 400V214.398c22.914 18.251 55.409 43.862 104.938 82.646 21.857 17.205 60.134 55.186 103.062 54.955 42.717.231 80.509-37.199 103.053-54.947 49.528-38.783 82.032-64.401 104.947-82.653V400H48z\"><\/path><\/svg>\t\t\t\t<\/a>\n\t\t\t<\/div>\n\t\t\t\n\t\t\t\t\t\t<div class=\"elementor-icon-box-content\">\n\n\t\t\t\t\t\t\t\t\t<h3 class=\"elementor-icon-box-title\">\n\t\t\t\t\t\t<a href=\"mailto:faculdadefamep@yahoo.com.br\" >\n\t\t\t\t\t\t\tNosso Email\t\t\t\t\t\t<\/a>\n\t\t\t\t\t<\/h3>\n\t\t\t\t\n\t\t\t\t\n\t\t\t<\/div>\n\t\t\t\n\t\t<\/div>\n\t\t\t\t<\/div>\n\t\t\t\t<\/div>\n\t\t\t\t<div class=\"elementor-element elementor-element-d34322d elementor-align-center elementor-widget elementor-widget-button\" data-id=\"d34322d\" data-element_type=\"widget\" data-widget_type=\"button.default\">\n\t\t\t\t<div class=\"elementor-widget-container\">\n\t\t\t\t\t<div class=\"elementor-button-wrapper\">\n\t\t\t<a class=\"elementor-button elementor-button-link elementor-size-sm elementor-animation-grow\" href=\"mailto:faculdadefamep@yahoo.com.br\" target=\"_blank\">\n\t\t\t\t\t\t<span class=\"elementor-button-content-wrapper\">\n\t\t\t\t\t\t\t\t\t<span class=\"elementor-button-text\">Clique aqui<\/span>\n\t\t\t\t\t<\/span>\n\t\t\t\t\t<\/a>\n\t\t<\/div>\n\t\t\t\t<\/div>\n\t\t\t\t<\/div>\n\t\t\t\t\t<\/div>\n\t\t\t\t<\/div>\n\t\t<div class=\"elementor-element elementor-element-3e93f36 e-grid e-con-boxed e-con e-child\" data-id=\"3e93f36\" data-element_type=\"container\">\n\t\t\t\t\t<div class=\"e-con-inner\">\n\t\t\t\t<div class=\"elementor-element elementor-element-d442182 elementor-view-default elementor-position-top elementor-mobile-position-top elementor-widget elementor-widget-icon-box\" data-id=\"d442182\" data-element_type=\"widget\" data-widget_type=\"icon-box.default\">\n\t\t\t\t<div class=\"elementor-widget-container\">\n\t\t\t\t\t<div class=\"elementor-icon-box-wrapper\">\n\n\t\t\t\t\t\t<div class=\"elementor-icon-box-icon\">\n\t\t\t\t<a href=\"https:\/\/famep.com.br\/site\/contato\" class=\"elementor-icon elementor-animation-\" tabindex=\"-1\">\n\t\t\t\t<svg aria-hidden=\"true\" class=\"e-font-icon-svg e-fas-comment-dots\" viewBox=\"0 0 512 512\" xmlns=\"http:\/\/www.w3.org\/2000\/svg\"><path d=\"M256 32C114.6 32 0 125.1 0 240c0 49.6 21.4 95 57 130.7C44.5 421.1 2.7 466 2.2 466.5c-2.2 2.3-2.8 5.7-1.5 8.7S4.8 480 8 480c66.3 0 116-31.8 140.6-51.4 32.7 12.3 69 19.4 107.4 19.4 141.4 0 256-93.1 256-208S397.4 32 256 32zM128 272c-17.7 0-32-14.3-32-32s14.3-32 32-32 32 14.3 32 32-14.3 32-32 32zm128 0c-17.7 0-32-14.3-32-32s14.3-32 32-32 32 14.3 32 32-14.3 32-32 32zm128 0c-17.7 0-32-14.3-32-32s14.3-32 32-32 32 14.3 32 32-14.3 32-32 32z\"><\/path><\/svg>\t\t\t\t<\/a>\n\t\t\t<\/div>\n\t\t\t\n\t\t\t\t\t\t<div class=\"elementor-icon-box-content\">\n\n\t\t\t\t\t\t\t\t\t<h3 class=\"elementor-icon-box-title\">\n\t\t\t\t\t\t<a href=\"https:\/\/famep.com.br\/site\/contato\" >\n\t\t\t\t\t\t\tNosso Contato\t\t\t\t\t\t<\/a>\n\t\t\t\t\t<\/h3>\n\t\t\t\t\n\t\t\t\t\n\t\t\t<\/div>\n\t\t\t\n\t\t<\/div>\n\t\t\t\t<\/div>\n\t\t\t\t<\/div>\n\t\t\t\t<div class=\"elementor-element elementor-element-31e45f0 elementor-align-center elementor-widget elementor-widget-button\" data-id=\"31e45f0\" data-element_type=\"widget\" data-widget_type=\"button.default\">\n\t\t\t\t<div class=\"elementor-widget-container\">\n\t\t\t\t\t<div class=\"elementor-button-wrapper\">\n\t\t\t<a class=\"elementor-button elementor-button-link elementor-size-sm elementor-animation-grow\" href=\"https:\/\/famep.com.br\/site\/contato\">\n\t\t\t\t\t\t<span class=\"elementor-button-content-wrapper\">\n\t\t\t\t\t\t\t\t\t<span class=\"elementor-button-text\">Clique aqui<\/span>\n\t\t\t\t\t<\/span>\n\t\t\t\t\t<\/a>\n\t\t<\/div>\n\t\t\t\t<\/div>\n\t\t\t\t<\/div>\n\t\t\t\t\t<\/div>\n\t\t\t\t<\/div>\n\t\t\t\t\t<\/div>\n\t\t\t\t<\/div>\n\t\t\t\t\t<\/div>\n\t\t\t\t<\/div>\n\t\t\t\t<\/div>\n\t\t","protected":false},"excerpt":{"rendered":"<p>NOSSA MISS\u00c3O NOSSA MISS\u00c3O As Faculdades FAMEP tem como miss\u00e3o a forma\u00e7\u00e3o em n\u00edvel de Gradua\u00e7\u00e3o e de P\u00f3s-Gradua\u00e7\u00e3o do profissional-cidad\u00e3o: \u00e9tico, competente e em completa sintonia com as exig\u00eancias do mundo atual competitivo e globalizado, garantindo assim, uma atua\u00e7\u00e3o aut\u00f4noma na sociedade seja em empreendimentos seja em Organiza\u00e7\u00f5es p\u00fablicas e privadas, tendo como objetivo [&hellip;]<\/p>\n","protected":false},"author":1,"featured_media":449,"parent":0,"menu_order":0,"comment_status":"closed","ping_status":"closed","template":"elementor_header_footer","meta":{"footnotes":""},"class_list":["post-681","page","type-page","status-publish","has-post-thumbnail","hentry"],"_links":{"self":[{"href":"https:\/\/famep.com.br\/site\/wp-json\/wp\/v2\/pages\/681","targetHints":{"allow":["GET"]}}],"collection":[{"href":"https:\/\/famep.com.br\/site\/wp-json\/wp\/v2\/pages"}],"about":[{"href":"https:\/\/famep.com.br\/site\/wp-json\/wp\/v2\/types\/page"}],"author":[{"embeddable":true,"href":"https:\/\/famep.com.br\/site\/wp-json\/wp\/v2\/users\/1"}],"replies":[{"embeddable":true,"href":"https:\/\/famep.com.br\/site\/wp-json\/wp\/v2\/comments?post=681"}],"version-history":[{"count":46,"href":"https:\/\/famep.com.br\/site\/wp-json\/wp\/v2\/pages\/681\/revisions"}],"predecessor-version":[{"id":1039,"href":"https:\/\/famep.com.br\/site\/wp-json\/wp\/v2\/pages\/681\/revisions\/1039"}],"wp:featuredmedia":[{"embeddable":true,"href":"https:\/\/famep.com.br\/site\/wp-json\/wp\/v2\/media\/449"}],"wp:attachment":[{"href":"https:\/\/famep.com.br\/site\/wp-json\/wp\/v2\/media?parent=681"}],"curies":[{"name":"wp","href":"https:\/\/api.w.org\/{rel}","templated":true}]}}